{"id":2,"date":"2016-05-10T03:48:21","date_gmt":"2016-05-10T03:48:21","guid":{"rendered":"https:\/\/www.emrecevik.com.tr\/?page_id=2"},"modified":"2024-01-01T14:56:27","modified_gmt":"2024-01-01T14:56:27","slug":"sample-page","status":"publish","type":"page","link":"https:\/\/www.emrecevik.com.tr\/?page_id=2","title":{"rendered":"Hakk\u0131mda"},"content":{"rendered":"<div data-colibri-id=\"2-c1\" class=\"style-266 style-local-2-c1 position-relative\">\r\n  <!---->\r\n  <div data-colibri-component=\"section\" data-colibri-id=\"2-c6\" id=\"about\" class=\"h-section h-section-global-spacing d-flex align-items-lg-center align-items-md-center align-items-center style-271 style-local-2-c6 position-relative\">\r\n    <!---->\r\n    <!---->\r\n    <div class=\"h-section-grid-container h-section-boxed-container\">\r\n      <!---->\r\n      <div data-colibri-id=\"2-c7\" class=\"h-row-container gutters-row-lg-2 gutters-row-md-2 gutters-row-2 gutters-row-v-lg-2 gutters-row-v-md-2 gutters-row-v-2 style-272 style-local-2-c7 position-relative\">\r\n        <!---->\r\n        <div class=\"h-row justify-content-lg-center justify-content-md-center justify-content-center align-items-lg-stretch align-items-md-stretch align-items-stretch gutters-col-lg-2 gutters-col-md-2 gutters-col-2 gutters-col-v-lg-2 gutters-col-v-md-2 gutters-col-v-2\">\r\n          <!---->\r\n          <div class=\"h-column h-column-container d-flex h-col-lg-auto h-col-md-auto h-col-auto style-273-outer style-local-2-c8-outer\">\r\n            <div data-colibri-id=\"2-c8\" class=\"d-flex h-flex-basis h-column__inner h-px-lg-2 h-px-md-2 h-px-2 v-inner-lg-2 v-inner-md-2 v-inner-2 style-273 style-local-2-c8 position-relative\">\r\n              <!---->\r\n              <!---->\r\n              <div class=\"w-100 h-y-container h-column__content h-column__v-align flex-basis-100 align-self-lg-center align-self-md-center align-self-center\">\r\n                <!---->\r\n                <div data-colibri-id=\"2-c9\" class=\"h-global-transition-all h-heading style-274 style-local-2-c9 position-relative h-element\">\r\n                  <!---->\r\n                  <div class=\"h-heading__outer style-274 style-local-2-c9\">\r\n                    <!---->\r\n                    <!---->\r\n                    <h5 class=\"\">EMRE \u00c7EV\u0130K<\/h5>\r\n                  <\/div>\r\n                <\/div>\r\n                <div data-colibri-id=\"2-c10\" class=\"h-global-transition-all h-heading style-275 style-local-2-c10 position-relative h-element\">\r\n                  <!---->\r\n                  <div class=\"h-heading__outer style-275 style-local-2-c10\">\r\n                    <!---->\r\n                    <!---->\r\n                    <h2 class=\"\">Selamlar, sizlere biraz kendimden bahsedeyim\u2026<\/h2>\r\n                  <\/div>\r\n                <\/div>\r\n                <div data-colibri-id=\"2-c11\" class=\"h-text h-text-component style-276 style-local-2-c11 position-relative h-element\">\r\n                  <!---->\r\n                  <!---->\r\n                  <div class=\"\">\r\n                    <p>Y\u0131llar 1982 nin Ekim ay\u0131na geldi\u011finde D\u00fcnya\u2019ya g\u00f6zlerimi a\u00e7t\u0131m. Biraz h\u0131zlanacak olursam, \u0130lkokuldan liseye kadar \u00c7orum\u2019un Alaca il\u00e7esinde devam ettim. Sonras\u0131nda; S\u0131navlar, s\u0131navlar, s\u0131navlar\u2026.<\/p>\r\n                    <p>Geldik Bilgisyar Programc\u0131l\u0131\u011f\u0131 ser\u00fcvenine. Zorlu ge\u00e7en s\u0131navlardan sonra, \u00d6SS,\u00d6YS ayr\u0131m\u0131n\u0131n kalkt\u0131\u011f\u0131 y\u0131llarda \u00e7izmi\u015ftim yolumu. Sevdi\u011fim bir b\u00f6l\u00fcmle Bucak Hikmet Tolunay MYO da ge\u00e7en 2 sene ve mezuniyet..<\/p>\r\n                    <p>\u2026 sonra<\/p>\r\n                    <p>Yap\u0131lacak en iyi \u015feyin bir i\u015f bulman\u0131n \u00f6n\u00fcndeki engel olarak g\u00f6rd\u00fc\u011f\u00fcm Askerlikti. 15 Ay s\u00fcren bir askerlik ser\u00fcveni. K\u0131sa d\u00f6nem olamad\u0131\u2026<\/p>\r\n                    <p>\u2026 ilk i\u015f deneyimi<\/p>\r\n                    <p>Askerlikte bitmi\u015f, i\u015f aray\u0131\u015flar\u0131na h\u0131z verilmi\u015fti. Birka\u00e7 ba\u015far\u0131s\u0131z deneme sonras\u0131nda, bir T\u00fcbitak Ar-Ge projesi y\u00fcr\u00fcten bir \u015firkette yaz\u0131l\u0131mc\u0131 kadrosu ile i\u015f hayat\u0131ma ba\u015flam\u0131\u015ft\u0131m. \u00c7ok h\u0131zl\u0131 girmi\u015f, teorisini ya da genel k\u00fclt\u00fcr d\u00fczeyinde\r\n                      bilgim olan konular \u00fczerinde \u00e7al\u0131\u015fma f\u0131rsat\u0131 buldum. \u00d6\u011frenen sistemler, Algoritmalar.. g\u00fczel g\u00fcnler\u2026<\/p>\r\n                    <p>\u00c7al\u0131\u015f\u0131rken farketti\u011fim bir konu oldu bu\u2026 Gayet g\u00fczel i\u015fler \u00e7\u0131kar\u0131rken neden M\u00fchendis de\u011fildim\u2026 Koymu\u015ftum art\u0131k kafaya geri d\u00f6n\u00fc\u015f\u00fc yoktu. Bilgisayar M\u00fchendisi olacakt\u0131m.. Hem de sevmedi\u011fim S\u0131navlar, s\u0131navlar, s\u0131navlar\u2026 ile, Bir yandan\r\n                      \u00e7al\u0131\u015f\u0131rken di\u011fer yandan haz\u0131rl\u0131klar\u2026\u2026 etiket mi?<\/p>\r\n                    <p>\u2026 ve mutlu son<\/p>\r\n                    <p>Yo\u011fun ve yorucu ge\u00e7en tempodan sonra art\u0131k i\u015ften ayr\u0131lma tekrar \u00fcniversiteye d\u00f6nme vakti idi. Ba\u015fkent \u00fcniversitesinde yine zorlu bir s\u00fcre\u00e7 ba\u015fl\u0131yordu. 4 y\u0131l i\u00e7erisine neler s\u0131\u011fmad\u0131 ki\u2026 G\u00fczel dostluklar, \u00e7ok g\u00fczel projeler. Okurken\r\n                      \u00e7al\u0131\u015fmalar\u2026 Neler neler..<\/p>\r\n                    <p>\u2026 tekrar i\u015f hayat\u0131<\/p>\r\n                    <p>Art\u0131k \u015fartlar\u0131nda ilgili \u00dcniversitelerin M\u00fchendislik b\u00f6l\u00fcmlerinden mezun olmak ko\u015fulunu da sa\u011flamakla birlikte i\u015f hayat\u0131na giri\u015f yapt\u0131m. Baz\u0131 k\u00fc\u00e7\u00fck i\u015f maceralar\u0131 ve hikayeleri ile birlikte halen \u00e7al\u0131\u015fmaya devam.<\/p>\r\n                    <p>\u2026 her\u015fey i\u015f mi!<\/p>\r\n                    <p>Kendimi tan\u0131tmay\u0131 i\u015f ba\u015fl\u0131\u011f\u0131 alt\u0131nda bitirirsem olmazd\u0131\u2026 Hayat\u0131m\u0131n en mutlu anlar\u0131ndan da bahsederek tamamlayay\u0131m. Birer y\u0131l ara ile Ailemize dahil olan, 2015 Asya, 2016 Zeynep\u2026<\/p>\r\n                    <p>Ge\u00e7mi\u015fi yazmak ne kadar kolaysa gelece\u011fe dair umutlar hayaller bir o kadar zor. Ailem ve K\u0131zlar\u0131m ile nice g\u00fczel g\u00fcnler g\u00f6rmek dile\u011fi ile\u2026<\/p>\r\n                  <\/div>\r\n                <\/div>\r\n              <\/div>\r\n            <\/div>\r\n          <\/div>\r\n          <div class=\"h-column h-column-container d-flex h-col-lg-auto h-col-md-auto h-col-auto style-279-outer style-local-2-c14-outer\">\r\n            <div data-colibri-id=\"2-c14\" class=\"d-flex h-flex-basis h-column__inner h-px-lg-2 h-px-md-2 h-px-2 v-inner-lg-2 v-inner-md-2 v-inner-2 style-279 style-local-2-c14 position-relative\">\r\n              <!---->\r\n              <!---->\r\n              <div class=\"w-100 h-y-container h-column__content h-column__v-align flex-basis-100 align-self-lg-center align-self-md-center align-self-center\">\r\n                <!---->\r\n                <div data-colibri-id=\"2-c15\" class=\"d-block style-280 style-local-2-c15 position-relative h-element\">\r\n                  <!---->\r\n                  <div class=\"h-image__frame-container-outer\">\r\n                    <div class=\"h-image__frame-container\">\r\n                      <!---->\r\n                      <!---->\r\n                      <img loading=\"lazy\" decoding=\"async\" width=\"959\" height=\"1274\" src=\"https:\/\/www.emrecevik.com.tr\/wp-content\/uploads\/2023\/12\/cropped-IMG_2152-1.jpeg\" class=\"wp-image-400 style-280-image style-local-2-c15-image\" alt=\"Emre \u00c7evik\" srcset=\"https:\/\/www.emrecevik.com.tr\/wp-content\/uploads\/2023\/12\/cropped-IMG_2152-1.jpeg 959w, https:\/\/www.emrecevik.com.tr\/wp-content\/uploads\/2023\/12\/cropped-IMG_2152-1-226x300.jpeg 226w, https:\/\/www.emrecevik.com.tr\/wp-content\/uploads\/2023\/12\/cropped-IMG_2152-1-771x1024.jpeg 771w, https:\/\/www.emrecevik.com.tr\/wp-content\/uploads\/2023\/12\/cropped-IMG_2152-1-768x1020.jpeg 768w\" sizes=\"auto, (max-width: 959px) 100vw, 959px\" \/>\r\n                      <div class=\"h-image__frame h-hide-sm style-280-frameImage style-local-2-c15-frameImage\"><\/div>\r\n                    <\/div>\r\n                  <\/div>\r\n                <\/div>\r\n              <\/div>\r\n            <\/div>\r\n          <\/div>\r\n        <\/div>\r\n      <\/div>\r\n    <\/div>\r\n  <\/div>\r\n<\/div>","protected":false},"excerpt":{"rendered":"<p>EMRE \u00c7EV\u0130K Selamlar, sizlere biraz kendimden bahsedeyim\u2026 Y\u0131llar 1982 nin Ekim ay\u0131na geldi\u011finde D\u00fcnya\u2019ya g\u00f6zlerimi a\u00e7t\u0131m. Biraz h\u0131zlanacak olursam, \u0130lkokuldan liseye kadar \u00c7orum\u2019un Alaca il\u00e7esinde devam ettim. Sonras\u0131nda; S\u0131navlar, s\u0131navlar, s\u0131navlar\u2026. Geldik Bilgisyar Programc\u0131l\u0131\u011f\u0131 ser\u00fcvenine. Zorlu ge\u00e7en s\u0131navlardan sonra, \u00d6SS,\u00d6YS ayr\u0131m\u0131n\u0131n kalkt\u0131\u011f\u0131 y\u0131llarda \u00e7izmi\u015ftim yolumu. Sevdi\u011fim bir b\u00f6l\u00fcmle Bucak Hikmet Tolunay MYO da ge\u00e7en 2 [&hellip;]<\/p>\n","protected":false},"author":1,"featured_media":0,"parent":0,"menu_order":0,"comment_status":"closed","ping_status":"closed","template":"page-templates\/full-width-page.php","meta":{"om_disable_all_campaigns":false,"_monsterinsights_skip_tracking":false,"_monsterinsights_sitenote_active":false,"_monsterinsights_sitenote_note":"","_monsterinsights_sitenote_category":0,"_uf_show_specific_survey":0,"_uf_disable_surveys":false,"footnotes":""},"class_list":["post-2","page","type-page","status-publish","hentry"],"aioseo_notices":[],"_links":{"self":[{"href":"https:\/\/www.emrecevik.com.tr\/index.php?rest_route=\/wp\/v2\/pages\/2","targetHints":{"allow":["GET"]}}],"collection":[{"href":"https:\/\/www.emrecevik.com.tr\/index.php?rest_route=\/wp\/v2\/pages"}],"about":[{"href":"https:\/\/www.emrecevik.com.tr\/index.php?rest_route=\/wp\/v2\/types\/page"}],"author":[{"embeddable":true,"href":"https:\/\/www.emrecevik.com.tr\/index.php?rest_route=\/wp\/v2\/users\/1"}],"replies":[{"embeddable":true,"href":"https:\/\/www.emrecevik.com.tr\/index.php?rest_route=%2Fwp%2Fv2%2Fcomments&post=2"}],"version-history":[{"count":5,"href":"https:\/\/www.emrecevik.com.tr\/index.php?rest_route=\/wp\/v2\/pages\/2\/revisions"}],"predecessor-version":[{"id":402,"href":"https:\/\/www.emrecevik.com.tr\/index.php?rest_route=\/wp\/v2\/pages\/2\/revisions\/402"}],"wp:attachment":[{"href":"https:\/\/www.emrecevik.com.tr\/index.php?rest_route=%2Fwp%2Fv2%2Fmedia&parent=2"}],"curies":[{"name":"wp","href":"https:\/\/api.w.org\/{rel}","templated":true}]}}